e factors of n.
13
Suppose q = 3*f + 27, -4*q + 20 = 5*f - 3. Let p = 22 - q. Suppose 4*o - h - p = 0, -1 = -2*o + o + h. List the prime factors of o.
3
Let r = 0 - -15. Suppose 0 = -r*x + 10*x - 80. List the prime factors of x*(-3 - (2 + -3)).
2
Let y = -7 + 27. Let x be 14/21 + (-44)/3. Let q = x + y. What are the prime factors of q?
2, 3
List the prime factors of (11 - (-1700)/(-153)) + (-19207)/(-9).
2, 11, 97
Let m(w) = 2*w - 1. Let a be m(5). Let d be 266/8 - a/(-12). Let q = 67 - d. What are the prime factors of q?
3, 11
Let b(y) = 2*y + 1. Let f(c) = -11*c - 6. Let u(j) = 34*b(j) + 6*f(j). List the prime factors of u(17).
2
Let w(t) = 4*t - 3. Let g(m) = 1 + 3 - 5. Let q(y) = 4*g(y) - w(y). List the prime factors of q(-7).
3
Let f(r) = -r - 2. Let t(d) = d + 1. Let c(y) = 4*f(y) + 3*t(y). Let g be c(-7). Suppose 0 = l - 2 + 1, 0 = 4*j + g*l - 162. What are the prime factors of j?
2, 5
Suppose -3*n = -4*i + 5*i - 10, -3*n - 6 = -3*i. List the prime factors of (-2)/i*(6 + -5)*-26.
13
Suppose g + 35 = 6*g. Let p(i) = -i - 4*i + g*i + 5 - 3*i. List the prime factors of p(0).
5
Let o(w) = 10*w - 11. Let l be o(7). Suppose m - n - l = 0, -5*m - 3*n - 22 + 301 = 0. List the prime factors of m.
3, 19
Let a(r) = -6*r - 1. Let b be a(-1). Let y(n) = 16*n + 7. Let f(g) = -8*g - 2. Let d(i) = -7*f(i) - 3*y(i). List the prime factors of d(b).
3, 11
Suppose -3*z + 84 = 2*m, 27 = -0*z + z + m. Suppose -z*r = -34*r + 56. List the prime factors of r.
2, 7
Suppose -5*i + u + 95 = -440, -3*u + 303 = 3*i. Suppose -3*m = -m - i. What are the prime factors of m?
53
Suppose 115 = -2*b - 3*b. Let y = -20 - b. Suppose -y*l = -2*d + 5 + 7, 0 = 4*l. What are the prime factors of d?
2, 3
Let x = -537 - -1946. What are the prime factors of x?
1409
Let l be -1*(-69)/1 - -3. Let v be (l/6)/((-2)/5). List the prime factors of (-10)/v*51/1.
17
Let g(k) = 7*k - 5. Let n(m) = 14*m - 9. Let t(d) = 5*g(d) - 3*n(d). Let l be t(3). Let a = l + 43. What are the prime factors of a?
2, 3
Suppose 66*r - 65*r - 17 = -2*x, 3*r - 48 = -3*x. What are the prime factors of r?
3, 5
Suppose 32 = r + 5*o, r = -4*r + 2*o + 25. Let w = r + -6. List the prime factors of -6 + 7 + (w - 0).
2
Suppose 5*q + 22*y - 2937 = 25*y, -q + 2*y + 593 = 0. What are the prime factors of q?
3, 5, 13
Let r be (123 + -10)/(2 - 1). Let y = r + 41. List the prime factors of y.
2, 7, 11
Let l be (-6)/(-2)*34/3. Suppose 3*y + l = 1. Let g = y + 25. List the prime factors of g.
2, 7
Let c be (5/(-2))/(2/(-4)). Suppose 4*q - 21 = -c*n, 4*q + 2*n - 19 = -n. Suppose 0 = -q*p + 67 + 9. What are the prime factors of p?
19
Let s be (1 - (0 + 0))*0 + -9. Let v(r) = 2*r**2 + 17*r + 58. List the prime factors of v(s).
67
Let j(q) = -7*q + 27. Let t be j(-5). Suppose -6*w + 174 = 3*i - 3*w, i - 3*w - t = 0. What are the prime factors of i?
59
Let f(o) = -3*o**3 + 8*o**2 - 25*o + 1. Let t(k) = -k**3 + 3*k**2 - 8*k. Let d(i) = 2*f(i) - 7*t(i). List the prime factors of d(5).
2
Let h(l) = 8*l + 14. Let p(o) = 3*o + 5. Let k(r) = 5*h(r) - 16*p(r). What are the prime factors of k(-11)?
2, 3, 13
Let w = -1281 + 2357. List the prime factors of w.
2, 269
Let o = 1 - 27. Let y = -36 - o. What are the prime factors of (36/y)/((-3)/10)?
2, 3
Suppose 3*a + d - 10 = a, -5*a - 4*d + 19 = 0. Let s(z) = z + a + 10 - 11. List the prime factors of s(7).
13
Let d(g) be the second derivative of -g**3 + 3*g**2 - 11*g. List the prime factors of d(-15).
2, 3
Let i be 22*(4 - (6 + -3)). Let j = i - 6. List the prime factors of j.
2
Let p = 8912 - 4852. What are the prime factors of p?
2, 5, 7, 29
Suppose 21 = -2*g - 5*c, -g = 2*c + 4 + 4. Let k be 92 + (g - (2 + 1)). Suppose -5*a + k = s + s, -2*s + 4*a = -46. List the prime factors of s.
3, 11
Let j(d) = -3*d + 3. Let p be j(6). Let k(h) = -h**3 - 16*h**2 - 21*h + 19. What are the prime factors of k(p)?
109
Let v be -17*1*(-5 - -2). Suppose -2*h + 7*h + 2*z - 113 = 0, 2*h = 5*z + v. What are the prime factors of h?
23
Let f be 120/(-6)*(1 + (-15)/12). Let r(s) = 5 - 1 + 5 - 5*s**2 + 5*s + s**3. What are the prime factors of r(f)?
2, 17
Suppose -3*t + 802 + 454 = m, 2*t = 2*m + 824. What are the prime factors of t?
3, 139
Let h = -60 - -58. List the prime factors of -4*(h - -12)*(0 - 1).
2, 5
Let l(c) = 7*c**2 + 12*c**2 - 24*c**2 + c**3 - 3 + 6*c + 5*c**3. What are the prime factors of l(3)?
2, 3, 11
Let y(n) = -n**2 + 7*n + 4. Let j be y(6). Suppose 13*k = 8*k - j. List the prime factors of -2 + 53 + (-2)/k.
2, 13
Suppose 13*q - 72 = 4*q. What are the prime factors of (8/(-12))/(q/6)*-362?
181
Let f(o) = -o**2 + 7*o + 5. Let i(r) = -r + 3. Let j(q) = -q**3 - 12*q**2 - q - 16. Let z be j(-12). Let n be i(z). What are the prime factors of f(n)?
5
Let j = 220 + -315. Let a = -37 - j. List the prime factors of a.
2, 29
Let b(l) = 2*l - 22. Let g be b(12). Let d(f) = 11*f**3 - 2*f**2 + 5*f - 2. What are the prime factors of d(g)?
2, 11
Let c(r) = -8*r + 14. Let b(m) = -2*m - 33. Let o be b(-15). What are the prime factors of c(o)?
2, 19
What are the prime factors of 388450/204 - 1/6?
2, 7, 17
Let t = 5 + 1. List the prime factors of t*(4 + (-8)/(-3)).
2, 5
What are the prime factors of ((-4)/2)/((-9)/2250)?
2, 5
Let q(w) = 2*w**3 - 5*w**2 + 4. Let b be q(4). Let k = b - 19. What are the prime factors of k?
3, 11
Let p(b) = -b**2 - 20*b - 16. Let m be p(-19). Let v(k) = 14*k - 8. Let z(h) = -h + 1. Let f(j) = v(j) + 5*z(j). List the prime factors of f(m).
2, 3
Suppose -q = 4*q. Let c(y) = 0*y + q*y - 6 - 11*y + 10. List the prime factors of c(-4).
2, 3
Suppose 4*g - r = -19, r = -g + 6*g + 25. Let q be ((-220)/15)/(g/9). Suppose -p = -q - 20. What are the prime factors of p?
2, 3, 7
Let f(q) = 1 + 4 - 82*q - 3 + 289*q. Let c be f(1). Let p = c - 140. What are the prime factors of p?
3, 23
Suppose 3*p - 1809 = 3*i, 5*p = 6*i - 9*i + 2975. What are the prime factors of p?
2, 13, 23
Suppose u + 0*u = -2*x + 546, 2*u - 1064 = 3*x. What are the prime factors of u?
2, 269
Suppose -2*c - 8065 = -5*v, 3*c = -5*v - c + 8035. What are the prime factors of v?
3, 179
Suppose 0 = 3*p + 9, 4*a + 3*p - 201 = -2*p. Let f be (-4)/(-18) - (-96)/a. Suppose 5*o = 20, f*o + 26 = x + 3*o. List the prime factors of x.
2, 11
Let v(f) = 27*f**2 + 6*f + 10. What are the prime factors of v(6)?
2, 509
Let y = 27 - 21. Let w = y - -9. What are the prime factors of w?
3, 5
What are the prime factors of ((-5028)/(-4))/(-3)*-1?
419
Let g(v) = -20*v**3 + 3*v**2 - 3*v + 12. List the prime factors of g(-5).
2, 1301
Let y = 1 + 5. Suppose y*b + 0*b = 12. What are the prime factors of b?
2
Suppose -28*t + 10335 + 4253 = 0. What are the prime factors of t?
521
Suppose 0 = 4*h - 586 - 634. List the prime factors of h.
5, 61
Let k(l) = -13*l**2 - 4*l**3 + 16 + 7*l**3 - 4*l**3 - 16*l. Let r be k(-12). Suppose -2*o + 22 = -r. List the prime factors of o.
43
Suppose 4 = -2*n + 12. Let j(h) = -h**3 + 6*h**2 - 6*h + 2. Let y be j(n). List the prime factors of ((-12)/y)/(4/(-10)).
3
Let a(c) = -19*c - 31. Let k be a(-7). Suppose -120 = -z + 5*s, z - k = s + 22. List the prime factors of z.
5
Let k = 1 + -1. Suppose -2*g + 5*g - 3*z - 432 = k, g + 2*z - 135 = 0. What are the prime factors of g*(15/9)/5?
47
Suppose o = 5073 - 1055. List the prime factors of o.
2, 7, 41
Suppose r + 3*v - 24 = 0, v = -4*r + 6*r - 48. What are the prime factors of r?
2, 3
Let t(y) = -11 + 19*y - 14 - 25*y + 7. What are the prime factors of t(-5)?
2, 3
What are the prime factors of (-3)/(-2)*((-32400)/(-12))/9?
2, 3, 5
Let s = 6004 - 3759. What are the prime factors of s?
5, 449
Suppose -2*d + 4 = -0. Suppose -2*u + 2*r = -300, -3*u + 751 = d*u - 4*r. Suppose 3*q - u + 16 = 0. What are the prime factors of q?
3, 5
Let v(y) be the third derivative of -y**5/60 + 35*y**3/6 - 10*y**2. Let l be v(0). Let z = l + 13. What are the prime factors of z?
2, 3
Let q(l) = -3*l**2 - 1 - l**3 + 0 - 5*l**2. Let i be q(-8). What are the prime factors of 6*i*(-1)/3?
2
Suppose 3*k + 3 + 0 = 0. Let a(r) = -114*r + 1. What are the prime factors of a(k)?
5, 23
Let s(q) = 29*q - 20. Let b be s(11). Suppose 3*w + 2*l - 206 - 89 = 0, 3*w - 2*l = b. List the prime factors of w.
3, 11
Suppose 0 = h - 6. Let a(v) = 5*v**3 - 2*v**2 - 2*v + 5. Let t(j) = -j**3 - j**2 - j. Let i(k) = -a(k) - 4